9. Give h(-3).
14
Let l(c) = -c**2 - 16*c + 1. What is l(-17)?
-16
Let m(x) = -6*x + 5. What is m(-6)?
41
Let s(a) = 8*a**3 + a**2 - a + 1. Calculate s(1).
9
Let g(y) = 2*y**3 + 7*y**2 - 19*y - 71. Determine g(-3).
-5
Let c(m) = -13*m + 30. Calculate c(2).
4
Let s(u) = 12*u + 19. What is s(-4)?
-29
Let g(n) = 12*n - 79. Calculate g(6).
-7
Let l(s) = s**3 - 4*s**2 + 5*s. Determine l(4).
20
Let f(y) = -y**2 - 51*y - 378. Give f(-9).
0
Let h(b) = 2*b + 9. Give h(4).
17
Let v(d) = -2*d + 1. Calculate v(-4).
9
Let a(o) = -o**2 - 21*o + 1. Give a(-21).
1
Let u(a) = -a**3 + 32*a**2 - 29*a - 62. Determine u(31).
0
Let k(w) = 5*w + 31. Calculate k(-8).
-9
Let o(a) = -8*a**3 + a - 1. Determine o(1).
-8
Let z(c) = 22*c - 46. Determine z(-6).
-178
Let a(f) = -f**2 - 13*f - 49. Give a(-7).
-7
Let a(v) = -v**3 + 3*v**2 - v - 7. Determine a(3).
-10
Let y(h) = -h**3 - 6*h**2 + 14*h - 20. What is y(-8)?
-4
Let v(j) = j**3 - 3*j**2 + 2*j + 9. Calculate v(4).
33
Let p(a) = 26*a + 486. What is p(-19)?
-8
Let k(n) = n**3 + 39*n**2 + 4*n + 162. Give k(-39).
6
Let r(v) = -4*v**3 + v**2 + 2*v + 1. Give r(-1).
4
Let k(h) = -h + 3. What is k(-4)?
7
Let c(u) = u + 2. Calculate c(-4).
-2
Let q(u) = -u**3 + 2*u**2 + 12. What is q(3)?
3
Let p(q) = 5*q - 7. Calculate p(2).
3
Let g(t) = t**3 + 12*t**2 + 18*t + 79. Give g(-11).
2
Let c(j) = 14*j - 31. Give c(3).
11
Let a(c) = 33*c + 10. What is a(6)?
208
Let k(q) = q**3 - 8*q**2 + 8*q + 5. Determine k(7).
12
Let o(m) = 33*m + 293. What is o(-10)?
-37
Let y(q) = 3*q - 23. Give y(-10).
-53
Let n(a) = 9*a + 3. Give n(-3).
-24
Let p(q) = -15*q + 47. What is p(5)?
-28
Let a(g) = 3*g - 27. Calculate a(17).
24
Let a(z) = z**3 + 2*z**2 - 22*z - 66. Determine a(-4).
-10
Let r(z) = -z**2 - 3*z + 11. Give r(-6).
-7
Let z(i) = -i**3 + 15*i**2 + 34*i + 4. Calculate z(17).
4
Let y(b) = -b**3 - 10*b**2 - b - 14. Calculate y(-10).
-4
Let g(h) = h**3 - 11*h**2 - 11*h - 27. Determine g(12).
-15
Let d(n) = n**3 + 7*n**2 - n - 5. What is d(-7)?
2
Let u(a) = -a**3 - 15*a**2 + 20*a + 17. Calculate u(-16).
-47
Let r(i) = -i**2 - 24*i + 41. Give r(-20).
121
Let d(c) = c**3 + 5*c**2 - 7*c - 4. Determine d(-6).
2
Let o(i) = i**2 + 12*i + 13. What is o(-10)?
-7
Let t(w) = -w**3 - 27*w**2 + 27*w - 36. Calculate t(-28).
-8
Let r(s) = 13*s + 1. Give r(-3).
-38
Let b(i) = -i**3 - 5*i**2 - 6*i + 5. What is b(-4)?
13
Let s(w) = w**2 + 6*w - 1. Calculate s(-9).
26
Let t(x) = x**2 - 31*x - 1242. Determine t(54).
0
Let f(x) = -3*x + 27. Determine f(12).
-9
Let o(g) = 36*g**3 + 1. Calculate o(1).
37
Let r(q) = q**2 + 13*q + 26. Calculate r(-11).
4
Let t(r) = 3*r**2 + 22*r - 16. What is t(-8)?
0
Let b(o) = -o**3 + 18*o**2 - 7*o + 9. Calculate b(18).
-117
Let o(f) = -3*f - 72. What is o(-21)?
-9
Let i(u) = -u**3 + 4*u**2 - 7*u + 8. What is i(3)?
-4
Let x(k) = -k**3 - 16*k**2 - 28*k - 32. Determine x(-14).
-32
Let t(v) = -v**3 + 31*v**2 - 60*v - 64. What is t(29)?
-122
Let w(b) = 4*b**2 + 39*b - 18. Calculate w(-10).
-8
Let n(a) = 4*a + 63. Give n(-18).
-9
Let z(b) = -b**3 - b**2 + 6*b + 2. Give z(-5).
72
Let x(a) = 53*a - 365. Calculate x(7).
6
Let r(n) = -3*n + 18. Calculate r(9).
-9
Let o(r) = r**3 - 8*r**2 + 13*r - 8. Give o(6).
-2
Let o(r) = -r**3 - 24*r**2 + 10*r + 273. Determine o(-24).
33
Let o(h) = h**2 - 13*h - 23. Give o(15).
7
Let y(t) = -6*t - 67. Determine y(6).
-103
Let m(u) = -5*u**2 - 88*u - 162. Calculate m(-2).
-6
Let v(z) = 6*z + 93. Give v(-15).
3
Let y(l) = -7*l**2 - 113*l - 6. Determine y(-16).
10
Let a(d) = -7*d - 96. Give a(-14).
2
Let k(d) = -d**2 + 40*d - 181. Calculate k(35).
-6
Let q(g) = 33*g + 285. Determine q(-9).
-12
Let p(d) = d**3 + 4*d**2 - 6*d - 6. What is p(-5)?
-1
Let h(l) = 5*l + 39. Calculate h(-4).
19
Let h(x) = 12*x**2 + x. Calculate h(-1).
11
Let j(o) = o**3 - 11*o**2 + 4*o + 1. Calculate j(11).
45
Let v(x) = -14*x - 21. What is v(12)?
-189
Let q(t) = -t**2 - 7*t + 4. Give q(-7).
4
Let r(f) = f**3 - 5*f**2 - 4*f - 3. Determine r(6).
9
Let v(w) = -2*w**2 - 34*w + 62. Give v(-18).
26
Let z(h) = 5*h + 10. Calculate z(-1).
5
Let b(l) = -l**3 + 14*l**2 - l + 15. What is b(14)?
1
Let w(c) = c**2 + 19*c - 11. What is w(-19)?
-11
Let v(b) = -16*b + 292. Calculate v(18).
4
Let g(z) = -23*z**3 - 19*z - 19. Calculate g(-1).
23
Let y(o) = -3*o**3 - 25*o**2 - 7*o - 8. Give y(-8).
-16
Let l(g) = g**3 + 9*g**2 + 4*g + 8. Give l(-7).
78
Let v(u) = -19*u + 148. What is v(8)?
-4
Let w(u) = -18*u**3 - 3*u**2 + 2. Give w(-1).
17
Let x(r) = 5*r - 14. Determine x(21).
91
Let d(b) = b**2 + 1. What is d(-4)?
17
Let v(q) = 6*q + 10. Calculate v(6).
46
Let z(x) = x**2 + 11*x - 19. Determine z(5).
61
Let j(a) = 2*a. Determine j(-10).
-20
Let f(i) = -i**3 - 6*i**2 - i. Give f(-6).
6
Let p(w) = 3*w**2 - 3. Calculate p(2).
9
Let v(l) = l**2 - 9*l + 3. Calculate v(7).
-11
Let y(v) = -2*v**3 - 16*v**2 - 14*v - 5. Calculate y(-7).
-5
Let z(a) = a**3 - 13*a**2 + 28*a - 38. Give z(11).
28
Let b(s) = 2*s**2 - 2*s + 6. What is b(5)?
46
Let x(g) = g**2 - 6*g - 3. Determine x(6).
-3
Let f(o) = o**3 - 13*o**2 - 14*o + 6. Give f(14).
6
Let b(h) = h**2 + 49*h - 3. What is b(-49)?
-3
Let t(f) = -f**3 - 8*f**2 + 5. Give t(-8).
5
Let g(w) = -w**3 - w**2 + 3*w - 1. Determine g(1).
0
Let b(d) = 12*d + 21. Determine b(-3).
-15
Let z(t) = t + 4. What is z(5)?
9
Let a(q) = -9*q + 1. Give a(-1).
10
Let g(r) = 6*r**3 + 7*r**2 + 15*r + 1. Give g(-3).
-143
Let m(w) = -w**2 - 10*w + 13. What is m(-11)?
2
Let j(u) = -u**3 + 6*u**2 - 7*u - 10. Determine j(6).
-52
Let u(n) = n**3 + 7*n**2 + 8*n + 5. What is u(-6)?
-7
Let l(j) = j**3 - 14*j**2 + 14*j. Determine l(13).
13
Let h(v) = v**2 - 39*v + 339. What is h(25)?
-11
Let a(b) = 14*b - 107. Calculate a(8).
5
Let z(s) = -29*s + 85. What is z(3)?
-2
Let s(y) = 7*y - 42. Calculate s(-11).
-119
Let a(b) = b**2 + 16*b - 79. What is a(-20)?
1
Let u(m) = 6*m**3 - 95*m**2 - 14*m - 28. Determine u(16).
4
Let f(z) = 2*z**2 - 11*z + 7. Give f(4).
-5
Let g(p) = -3*p**2 + 12*p - 5. Calculate g(5).
-20
Let t(w) = 2*w**2 - 2*w - 7. Determine t(6).
53
Let n(z) = z**2 - 3*z + 13. Calculate n(4).
17
Let x(a) = a**3 - 12*a**2 + 2*a - 10. Calculate x(12).
14
Let k(z) = -10*z + 28. Give k(-8).
108
Let m(r) = -3*r - 5. Determine m(-1).
-2
Let o(s) = -2*s - 9. Calculate o(-8).
7
Let c(d) = -d**3 - 16*d**2 - 17*d - 22. What is c(-15)?
8
Let c(b) = 12*b - 91. What is c(8)?
5
Let v(p) = -p**2 + 10*p + 10. Determine v(10).
10
Let s(h) = -h**3 + 5*h**2 - 2*h - 6. Give s(5).
-16
Let l(i) = 2*i + 35. Give l(-19).
-3
Let u(o) = -o**3 - 21*o**2 - 14*o. What is u(-20)?
-120
Let s(p) = p**3 + 11*p**2 - p - 9. What is s(-11)?
2
Let f(h) = h**2 + h + 4. Calculate f(-4).
16
Let o(g) = 2*g + 25. Calculate o(-9).
7
Let u(z) = 2*z - 4. Determine u(7).
10
Let x(l) = -l**3 + 18*l**2 - 18*l + 19. What is x(17)?
2
Let q(i) = -i**3 - 17*i**2 + i - 13. Give q(-17).
-30
Let o(p) = -7*p + 1. Determine o(4).
-27
Let g(s) = -s**3 - 14*s**2 - 2*s + 144. Give g(-13).
1
Let m(j) = -j + 17. What is m(0)?
17
Let m(s) = -7*s**3 - s**2 + s + 1. Give m(-1).
6
Let z(n) = -n**3 + 11*n**2 + 13*n - 47. Determine z(12).
-35
Let w(g) = g + 3. Give w(7).
10
Let c(n) = -2*n**2 + 23*n - 27. What is c(12)?
-39
Let f(j) = j**3 + 5*j**2 + 2*j + 6. Calculate f(-5).
-4
Let a(o) = -o**3 - 9*o**2 - 9*o - 20. What is a(-8)?
-12
Let l(q) = -q**2 + 14*q - 18. Determine l(12).
6
Let q(x) = 2*x**2 - 78*x + 7. Determine q(39).
7
Let x(l) = -l**2 + 11*l - 18. Give x(5).
12
Let z(l) = l + 1. What is z(-9)?
-8
Let q(p) = p**3 + 18*p**2 + 20*p + 44. Calculate q(-17).
-7
Let b(y) = -11*y - 102. Calculate b(-10).
8
Let y(g) = -g**2 + 3*g + 50. Calculate y(11).
-38
Let y(t) = t**3 + 5*t**2 - 15*t + 72. Determine y(-8).
0
Let d(b) = b**3 + 3*b**2 - 7*b - 15. Calculate d(-4).
-3
Let q(x) = -x**3 + 18*x**2 - 14*x - 21. Calculate q(17).
30
Let v(d) = -4*d - 2. Determine v(-1).
2
Let q(x) = x**2 - 16*x - 17. Determine q(16).
-17
Let u(z) = 5*z**2 - 2*z + 2. Determine u(-3).
53
Let p(r) = -r**2 + 18*r + 240. What is p(27)?
-3
Let i(p) = 4*p - 37. What is i(10)?
3
Let j(s) = -s**3 - 5*s**2 - 3*s - 7. Determine j(-4).
-11
Let l(f) = 4*f**2 - 10*f - 3. What is l(3)?
3
Let l(a) = -a - 6. Determine l(-6).
0
Let h(k) = -37*k + 216. Give h(6).
-6
Let s(j) = -11*j - 84. What is s(-6)?
-18
Let r(o) = -166*o**2 + o + 1. Calc